{"id":944,"date":"2013-01-03T17:37:36","date_gmt":"2013-01-03T15:37:36","guid":{"rendered":"http:\/\/aml.franzandfriends.com\/?page_id=944"},"modified":"2026-02-19T17:02:37","modified_gmt":"2026-02-19T15:02:37","slug":"imprintimpressum","status":"publish","type":"page","link":"http:\/\/aml.franzandfriends.com\/?page_id=944","title":{"rendered":"Impressum\/AGB"},"content":{"rendered":"<style>.post-title { display: none; }<\/style>\n<h3>AGB<\/h3>\n<p>Here you can download Alexander Markus Lembkes General Terms and Conditions as PDF.<\/p>\n<p><a href=\"https:\/\/www.dropbox.com\/s\/mp4rx982qewfq2x\/FL_AGB_2018_dt.pdf?dl=0\" target=\"_blank\" rel=\"noopener\">Allgemeine Gesch\u00e4ftsbedingungen (in Deutsch)<\/a><br \/>\n<a href=\"https:\/\/www.dropbox.com\/s\/mfavbr703bvf5df\/FL_AGB_2018_engl.pdf?dl=0\" target=\"_blank\" rel=\"noopener\">General Terms and Conditions Act (in English)<\/a><\/p>\n<h3>Rechtliche Hinweise zum Urheberrecht<\/h3>\n<h3>IMPRESSUM<\/h3>\n<p>(For English version please scroll down!)<br \/>\nVerantwortlich f\u00fcr den Inhalt nach \u00a7 55 Abs. 2 RStV:<\/p>\n<p>Alexander Markus Lembke<br \/>\nFinland<\/p>\n<p>Kontakt<br \/>\nE-Mail: alexander.lembke (at) spitzbergen.de<br \/>\nWebsite: www.spitzbergen.photo<\/p>\n<h3>Streitschlichtung<\/h3>\n<p>Wir sind nicht bereit oder verpflichtet, an Streit-beilegungsverfahren vor einer Verbraucherschlichtungsstelle teilzunehmen.<\/p>\n<h3>Haftung f\u00fcr Inhalte<\/h3>\n<p>Als Diensteanbieter sind wir gem\u00e4\u00df \u00a7 7 Abs.1 TMG f\u00fcr eigene Inhalte auf diesen Seiten nach den allgemeinen Gesetzen verantwortlich. Nach \u00a7\u00a7 8 bis 10 TMG sind wir als Diensteanbieter jedoch nicht verpflichtet, \u00fcbermittelte oder gespeicherte fremde Informationen zu \u00fcberwachen oder nach Umst\u00e4nden zu forschen, die auf eine rechtswidrige T\u00e4tigkeit hinweisen.<\/p>\n<p>Verpflichtungen zur Entfernung oder Sperrung der Nutzung von Informationen nach den allgemeinen Gesetzen bleiben hiervon unber\u00fchrt. Eine diesbez\u00fcgliche Haftung ist jedoch erst ab dem Zeitpunkt der Kenntnis einer konkreten Rechtsverletzung m\u00f6glich. Bei Bekanntwerden von entsprechenden Rechts-Verletzungen werden wir diese Inhalte umgehend entfernen.<\/p>\n<h3>Haftung f\u00fcr Links<\/h3>\n<p>Unser Angebot enth\u00e4lt Links zu externen Websites Dritter, auf deren Inhalte wir keinen Einfluss haben. Deshalb k\u00f6nnen wir f\u00fcr diese fremden Inhalte auch keine Gew\u00e4hr \u00fcbernehmen. F\u00fcr die Inhalte der verlinkten Seiten ist stets der jeweilige Anbieter oder Betreiber der Seiten verantwortlich. Die verlinkten Seiten wurden zum Zeitpunkt der Verlinkung auf m\u00f6gliche Rechtsverst\u00f6\u00dfe \u00fcberpr\u00fcft. Rechtswidrige Inhalte waren zum Zeitpunkt der Verlinkung nicht erkennbar. Eine permanente inhaltliche Kontrolle der verlinkten Seiten ist jedoch ohne konkrete Anhaltspunkte einer Rechtsverletzung nicht zumutbar. Bei Bekanntwerden von Rechtsverletzungen werden wir derartige Links umgehend entfernen.<\/p>\n<h3>Urheberrecht<\/h3>\n<p>Die durch die Seitenbetreiber erstellten Inhalte und Werke auf diesen Seiten unterliegen dem deutschen Urheberrecht. Die Vervielf\u00e4ltigung, Bearbeitung, Verbreitung und jede Art der Verwertung au\u00dferhalb der Grenzen des Urheberrechtes bed\u00fcrfen der schriftlichen Zustimmung des jeweiligen Autors bzw. Erstellers. Downloads und Kopien dieser Seite sind nur f\u00fcr den privaten, nicht kommerziellen Gebrauch gestattet. Soweit die Inhalte auf dieser Seite nicht vom Betreiber erstellt wurden, werden die Urheberrechte Dritter beachtet. Insbesondere werden Inhalte Dritter als solche gekenn-zeichnet. Sollten Sie trotzdem auf eine Urheberrechts-verletzung aufmerksam werden, bitten wir um einen entsprechenden Hinweis. Bei Bekanntwerden von Rechtsverletzungen werden wir derartige Inhalte umgehend entfernen.<\/p>\n<p><strong>DATENSCHUTZERKL\u00c4RUNG<\/strong><\/p>\n<p>Mit dieser Datenschutzerkl\u00e4rung m\u00f6chten ich Sie dar\u00fcber informieren, wie ich personenbezogene Daten verarbeite. Ich bin mir bewusst, welche Bedeutung die Verarbeitung personenbezogener Daten f\u00fcr den betroffenen Nutzer hat und beachte dementsprechend alle einschl\u00e4gigen gesetzlichen Vorgaben. Dabei ist der Schutz Ihrer Privatsph\u00e4re f\u00fcr mich von h\u00f6chster Bedeutung. Deshalb ist das Einhalten der gesetzlichen Bestimmungen zum Datenschutz f\u00fcr uns selbstverst\u00e4ndlich.<\/p>\n<h3>Kontakt<\/h3>\n<p>Alexander Lembke<br \/>\nFinland<\/p>\n<p>E-Mail: alexander.lembke (at) spitzbergen.de<br \/>\nWebsite: www.spitzbergen.photo<\/p>\n<h3>Datenschutzbeauftragter<\/h3>\n<p>Sie erreichen unsere\/n Datenschutzbeauftragte\/n unter alexander.lembke@spitzbergen.de<\/p>\n<h3>Erhobene Daten<\/h3>\n<p>Ich erhebe und verarbeiten die folgenden personenbezogenen Daten \u00fcber Sie:<br \/>\n\u2013 Kontaktinformationen<br \/>\n\u2013 Social-Media-Identifikatoren<br \/>\n\u2013 Online-Identifikatoren<\/p>\n<h3>Zweck<\/h3>\n<p>Wir verarbeiten Ihre Daten zu den folgenden Zwecken:<br \/>\n\u2013 Vertragsabwicklung<br \/>\n\u2013 Statistik<\/p>\n<h3>Rechtsgrundlage<\/h3>\n<p>Die Verarbeitung Ihrer Daten geschieht auf der folgenden Rechtsgrundlage:<br \/>\n\u2013 Ihre Einwilligung, Art. 6 Abs. 1 lit. a) DSGVO<br \/>\n\u2013 zur Durchf\u00fchrung eines Vertrags mit Ihnen und zur Erf\u00fcllung gesetzlicher Pflichten, Art. 6 Abs. 1 lit. b) DSGVO<br \/>\n\u2013 berechtigte Interessen, Art. 6 Abs. 1 lit. f) DSGVO (siehe unten)<\/p>\n<h3>Berechtigte Interessen<\/h3>\n<p>Bei der Verarbeitung Ihrer Daten verfolge ich die folgenden berechtigten Interessen:<br \/>\n\u2013 Verbesserung meines Angebots<br \/>\n\u2013 Schutz vor Missbrauch<br \/>\n\u2013 Statistik<\/p>\n<h3>Datenempf\u00e4nger<\/h3>\n<p>Bei der Verarbeitung Ihrer Daten arbeite ich mit den folgenden Dienstleistern zusammen, die Zugriff auf Ihre Daten haben:<br \/>\n\u2013 Webhosting-Anbieter<br \/>\n\u2013 Anbieter von Social-Media-Plattformen<br \/>\n\u2013 Anbieter von Webanalyse-Tools<\/p>\n<h3>Datenquellen<\/h3>\n<p>Ich erhalte die Daten von Ihnen (einschlie\u00dflich \u00fcber die von Ihnen verwendeten Ger\u00e4te).<\/p>\n<h3>Daten\u00fcbertragung in Drittl\u00e4nder<\/h3>\n<p>Es findet eine Daten\u00fcbertragung in Drittl\u00e4nder au\u00dferhalb der Europ\u00e4ischen Union statt. Dies erfolgt auf der Grundlage gesetzlich vorgesehener vertraglicher Regelungen, die einen angemessenen Schutz Ihrer Daten sicherstellen sollen und die Sie auf Anfrage einsehen k\u00f6nnen.<\/p>\n<h3>Speicherdauer<\/h3>\n<p>Wir speichern Ihre Daten,<br \/>\n\u2013 wenn Sie in die Verarbeitung eingewilligt haben h\u00f6chstens solange, bis Sie Ihre Einwilligung widerrufen,<br \/>\n\u2013 wenn wir die Daten zur Durchf\u00fchrung eines Vertrags oder zur Erf\u00fcllung gesetzlicher Pflichten ben\u00f6tigen h\u00f6chstens solange, wie das Vertragsverh\u00e4ltnis mit Ihnen besteht oder gesetzliche Aufbewahrungsfristen laufen,<br \/>\n\u2013 wenn wir die Daten auf der Grundlage eines berechtigten Interesses verwenden h\u00f6chstens solange, wie Ihr Interesse an einer L\u00f6schung oder Anonymisierung nicht \u00fcberwiegt.<\/p>\n<h3>Rechte des Betroffenen<\/h3>\n<p>Sie haben \u2013 teilweise unter bestimmten Voraussetzungen \u2013 das Recht,<br \/>\n\u2013 Auskunft \u00fcber die Verarbeitung Ihrer Daten zu verlangen,<br \/>\n\u2013 Ihre Daten zu berichtigen,<br \/>\n\u2013 Ihre Daten l\u00f6schen oder sperren zu lassen,<br \/>\n\u2013 die Verarbeitung einschr\u00e4nken zu lassen,<br \/>\n\u2013 der Verarbeitung Ihrer Daten zu widersprechen,<br \/>\n\u2013 Ihre Daten in einem \u00fcbertragbaren Format zu erhalten und einem Dritten zu \u00fcbermitteln,<br \/>\n\u2013 Ihre Einwilligung zur Verarbeitung Ihrer Daten f\u00fcr die Zukunft zu widerrufen und<br \/>\n\u2013 sich bei der zust\u00e4ndigen Aufsichtsbeh\u00f6rde \u00fcber eine unzul\u00e4ssige Datenverarbeitung zu beschweren.<\/p>\n<p>Erfordernis oder Verpflichtung zur Bereitstellung von Daten<br \/>\nSoweit dies bei der Erhebung nicht ausdr\u00fccklich angegeben ist, ist die Bereitstellung von Daten nicht erforderlich oder verpflichtend.<\/p>\n<h3>Stand dieser Datenschutzerkl\u00e4rung<\/h3>\n<p>19. Februar 2026<\/p>\n<p>Ich behalte mir vor, diese Datenschutzerkl\u00e4rung jederzeit mit Wirkung f\u00fcr die Zukunft zu \u00e4ndern.<\/p>\n<p><strong>Disclaimer<\/strong><\/p>\n<p>All text, images and graphics at www.alexanderlembke.de are subject to copyright and neither the whole nor any part of it may be reproduced, copied or recorded in any form without the prior written authorization of Alexander Markus Lembke.<\/p>\n<p>1. Content<br \/>\nThe author reserves the right not to be responsible for the topicality, correctness, completeness or quality of the information provided. Liability claims regarding damage caused by the use of any information provided, including any kind of information which is incomplete or incorrect,will therefore be rejected.<br \/>\nAll offers are not-binding and without obligation. Parts of the pages or the complete publication including all offers and information might be extended, changed or partly or completely deleted by the author without separate announcement.<\/p>\n<p>2. Referrals and links<br \/>\nThe author is not responsible for any contents linked or referred to from his pages \u2013 unless he has full knowledge of illegal contents and would be able to prevent the visitors of his site fromviewing those pages. If any damage occurs by the use of information presented there, only the author of the respective pages might be liable, not the one who has linked to these pages. Furthermore the author is not liable for any postings or messages published by users of discussion boards, guestbooks or mailinglists provided on his page.<\/p>\n<p>3. Copyright<br \/>\nThe author intended not to use any copyrighted material for the publication or, if not possible, to indicatethe copyright of the respective object.<br \/>\nThe copyright for any material created by the author is reserved. Any duplication or use of objects such as diagrams, sounds or texts in other electronic or printed publications is not permitted without the author\u2019s agreement.<\/p>\n<p>4. Privacy policy<br \/>\nIf the opportunity for the input of personal or business data (email addresses, name, addresses) is given, the input of these data takes place voluntarily. The use and payment of all offered services are permitted \u2013 if and so far technically possible and reasonable \u2013 without specification of any personal data or under specification of anonymized data or an alias. The use of published postal addresses, telephone or fax numbers and email addresses for marketing purposes is prohibited, offenders sending unwanted spam messages will be punished.<\/p>\n<p>5. Legal validity of this disclaimer<br \/>\nThis disclaimer is to be regarded as part of the internet publication which you were referred from. If sections or individual terms of this statement are not legal or correct, the content or validity of the other parts remain uninfluenced by this fact.<\/p>\n","protected":false},"excerpt":{"rendered":"<p>AGB Here you can download Alexander Markus Lembkes General Terms and Conditions as PDF. Allgemeine Gesch\u00e4ftsbedingungen (in Deutsch) General Terms and Conditions Act (in English) Rechtliche Hinweise zum Urheberrecht IMPRESSUM (For English version please scroll down!) Verantwortlich f\u00fcr den Inhalt nach \u00a7 55 Abs. 2 RStV: Alexander Markus Lembke Finland Kontakt E-Mail: alexander.lembke (at) spitzbergen.de [&hellip;]<\/p>\n","protected":false},"author":1,"featured_media":1443,"parent":0,"menu_order":0,"comment_status":"open","ping_status":"open","template":"","meta":[],"_links":{"self":[{"href":"http:\/\/aml.franzandfriends.com\/index.php?rest_route=\/wp\/v2\/pages\/944"}],"collection":[{"href":"http:\/\/aml.franzandfriends.com\/index.php?rest_route=\/wp\/v2\/pages"}],"about":[{"href":"http:\/\/aml.franzandfriends.com\/index.php?rest_route=\/wp\/v2\/types\/page"}],"author":[{"embeddable":true,"href":"http:\/\/aml.franzandfriends.com\/index.php?rest_route=\/wp\/v2\/users\/1"}],"replies":[{"embeddable":true,"href":"http:\/\/aml.franzandfriends.com\/index.php?rest_route=%2Fwp%2Fv2%2Fcomments&post=944"}],"version-history":[{"count":20,"href":"http:\/\/aml.franzandfriends.com\/index.php?rest_route=\/wp\/v2\/pages\/944\/revisions"}],"predecessor-version":[{"id":1950,"href":"http:\/\/aml.franzandfriends.com\/index.php?rest_route=\/wp\/v2\/pages\/944\/revisions\/1950"}],"wp:featuredmedia":[{"embeddable":true,"href":"http:\/\/aml.franzandfriends.com\/index.php?rest_route=\/wp\/v2\/media\/1443"}],"wp:attachment":[{"href":"http:\/\/aml.franzandfriends.com\/index.php?rest_route=%2Fwp%2Fv2%2Fmedia&parent=944"}],"curies":[{"name":"wp","href":"https:\/\/api.w.org\/{rel}","templated":true}]}}